 the highest common divisor of 450 and 586631610.
90
What is the highest common factor of 6150106 and 226?
2
What is the greatest common factor of 1008059970 and 6180?
3090
What is the highest common divisor of 3392 and 1838411?
53
What is the greatest common factor of 4274 and 1954?
2
Calculate the highest common factor of 111852 and 20436.
156
Calculate the highest common factor of 40352 and 264576.
416
What is the greatest common factor of 314104 and 30388?
284
What is the highest common factor of 255 and 1612705?
85
What is the greatest common factor of 165490055 and 188?
47
What is the highest common divisor of 31 and 175827722?
31
What is the highest common factor of 6069 and 814492168?
2023
Calculate the greatest common divisor of 78 and 1790078628.
78
What is the greatest common factor of 13004264 and 3584?
56
What is the highest common divisor of 4704 and 6028512?
672
Calculate the greatest common factor of 5816028 and 120.
12
Calculate the greatest common divisor of 1700960 and 73760.
160
What is the highest common factor of 42116396 and 56?
28
Calculate the highest common factor of 47941 and 222386.
251
What is the greatest common factor of 5312194 and 34?
34
What is the highest common divisor of 747819 and 153?
9
Calculate the highest common divisor of 6304 and 13388908.
788
What is the highest common factor of 827870048 and 346?
346
What is the greatest common factor of 133853309 and 703?
703
Calculate the greatest common factor of 114458 and 10.
2
What is the highest common factor of 931677329 and 47036?
11759
Calculate the highest common factor of 272208 and 32436.
636
What is the highest common factor of 62839 and 33043?
191
What is the greatest common factor of 3283 and 488383?
49
Calculate the greatest common divisor of 55 and 211405.
5
What is the greatest common factor of 206054 and 45730?
538
Calculate the greatest common divisor of 62571845 and 105.
35
What is the greatest common factor of 8760 and 207194440?
2920
What is the highest common factor of 480 and 30677700?
60
What is the greatest common factor of 1054 and 8498?
2
Calculate the greatest common divisor of 3340 and 28555.
5
Calculate the greatest common divisor of 34258224 and 528.
528
What is the highest common divisor of 11188925 and 549?
61
Calculate the highest common factor of 2292 and 115611154.
382
What is the highest common factor of 6256 and 1065475?
391
What is the greatest common factor of 3338739 and 5640?
141
Calculate the greatest common divisor of 1925 and 3285106.
11
What is the highest common divisor of 5031702 and 3627?
117
What is the highest common divisor of 27772728 and 5190?
1038
Calculate the highest common divisor of 8635050 and 2232.
558
Calculate the highest common divisor of 18522728 and 28616.
4088
Calculate the greatest common factor of 1417305280 and 640.
320
Calculate the greatest common factor of 23875 and 1622545.
955
Calculate the highest common factor of 23 and 21603509.
23
Calculate the highest common divisor of 2006740 and 1004116.
1492
Calculate the greatest common factor of 108 and 484944.
12
What is the highest common factor of 16260 and 89940?
60
Calculate the highest common factor of 150475199 and 497.
497
Calculate the greatest common factor of 7308 and 580503.
21
Calculate the greatest common factor of 172474970 and 95.
95
Calculate the highest common factor of 128451 and 9.
3
What is the greatest common divisor of 41693760 and 4185?
1395
What is the greatest common divisor of 512871794 and 6638?
6638
Calculate the greatest common factor of 17384 and 616312.
328
Calculate the highest common factor of 550167739 and 4618.
2309
Calculate the greatest common divisor of 1640823702 and 588.
294
Calculate the greatest common factor of 484 and 8800.
44
Calculate the highest common factor of 39 and 5958433.
13
What is the highest common divisor of 393283 and 1991?
11
Calculate the greatest common divisor of 371196 and 1232410.
982
Calculate the highest common divisor of 80 and 13591.
1
Calculate the greatest common factor of 1256486 and 410.
82
Calculate the highest common divisor of 40031394 and 17118.
1902
Calculate the highest common factor of 993 and 93085144.
331
What is the highest common factor of 36 and 341114292?
36
What is the highest common divisor of 949650 and 398190?
390
What is the highest common factor of 7352 and 44284?
4
Calculate the greatest common divisor of 10449641 and 5473.
421
What is the greatest common factor of 119834945 and 15?
5
Calculate the highest common factor of 650929 and 796.
199
What is the greatest common factor of 38524463 and 59?
59
What is the greatest common factor of 82691916 and 1572?
1572
What is the greatest common divisor of 25242 and 4046?
14
Calculate the greatest common divisor of 2753745 and 30.
15
Calculate the highest common factor of 5832 and 1392147.
243
Calculate the highest common factor of 159258 and 479171.
1397
What is the greatest common factor of 124430 and 1773300?
230
What is the highest common divisor of 328377 and 105?
21
What is the greatest common factor of 28 and 1836272256?
28
Calculate the highest common factor of 1057506 and 378114.
2022
What is the greatest common factor of 371408 and 1412240?
2224
Calculate the greatest common factor of 1658809 and 1853.
17
Calculate the greatest common divisor of 12306 and 23442.
6
What is the highest common factor of 117 and 1620684?
117
What is the greatest common factor of 430 and 423760?
10
Calculate the greatest common factor of 4536 and 22063944.
168
Calculate the greatest common factor of 256098 and 474.
6
What is the highest common factor of 333436684 and 985?
197
What is the highest common divisor of 2961 and 2751?
21
What is the greatest common factor of 13640 and 158571820?
6820
What is the highest common factor of 48 and 77376288?
48
What is the greatest common divisor of 3299 and 123656417?
3299
What is the highest common factor of 26633687 and 52345?
551
What is the greatest common factor of 1479519 and 1972026?
999
What is the greatest common factor of 23283 and 1054404?
117
Calculate the greatest common factor of 37 and 799298679.
37
What is the greatest common divisor of 27646 and 59294?
46
What is the highest common divisor of 6211 and 812181415?
6211
What is the highest common factor of 6 and 623258640?
6
Calculate the highest common divisor of 2315029 and 4.
1
What is the highest common factor of 58892910 and 290?
290
Calculate the greatest common divisor of 2935 and 60707540.
2935
Calculate the highest common divisor of 36301 and 84230030.
1171
What is the highest common factor of 272 and 5624161?
17
What is the greatest common divisor of 620667 and 228?
3
Calculate the highest common factor of 1906816 and 768.
128
What is the highest common divisor of 116647 and 8241?
67
What is the highest common factor of 5322493 and 187?
11
Calculate the highest common factor of 329493440 and 1600.
320
Calculate the greatest common divisor of 4367145 and 180.
15
What is the greatest common factor of 51 and 423251040?
51
What is the greatest common divisor of 30555 and 3582404?
679
Calculate the highest common divisor of 26728556 and 2788.
2788
Calculate the greatest common factor of 35 and 18051635.
35
What is the greatest common factor of 21126 and 150920623?
3521
Calculate the greatest common factor of 20 and 1387172.
4
What is the highest common divisor of 16208424 and 162?
162
What is the greatest common divisor of 3665271 and 5073?
57
What is the greatest common divisor of 58660 and 1386052?
1676
Calculate the highest common divisor of 160 and 496967000.
40
Calculate the greatest common divisor of 840 and 25510380.
420
Calculate the greatest common divisor of 87679683 and 1911.
273
Calculate the highest common factor of 3636544 and 67776.
64
Calculate the highest common divisor of 176 and 18757112.
88
What is the greatest common divisor of 3584 and 4688768?
896
Calculate the highest common factor of 75 and 6842220.
15
What is the highest common divisor of 5 and 1140933655?
5
Calculate the highest common factor of 1819 and 3168641611.
1819
Calculate the highest common divisor of 10264 and 5560.
8
Calculate the highest common divisor of 1203990 and 20965.
2995
Calculate the highest common factor of 35512